{"id":7056,"date":"2024-04-22T09:31:57","date_gmt":"2024-04-22T09:31:57","guid":{"rendered":"https:\/\/globalanabaptisthealthnetwork.org\/?page_id=7056"},"modified":"2024-04-22T09:32:44","modified_gmt":"2024-04-22T09:32:44","slug":"nuestra-historia","status":"publish","type":"page","link":"https:\/\/globalanabaptisthealthnetwork.org\/fr\/nuestra-historia\/","title":{"rendered":"Notre histoire"},"content":{"rendered":"<div data-elementor-type=\"wp-page\" data-elementor-id=\"7056\" class=\"elementor elementor-7056\" data-elementor-post-type=\"page\">\n\t\t\t\t\t\t<section class=\"elementor-section elementor-top-section elementor-element elementor-element-280b311 elementor-section-boxed elementor-section-height-default elementor-section-height-default\" data-id=\"280b311\" data-element_type=\"section\">\n\t\t\t\t\t\t<div class=\"elementor-container elementor-column-gap-default\">\n\t\t\t\t\t<div class=\"elementor-column elementor-col-100 elementor-top-column elementor-element elementor-element-d3645c9\" data-id=\"d3645c9\" data-element_type=\"column\" data-settings=\"{&quot;background_background&quot;:&quot;classic&quot;}\">\n\t\t\t<div class=\"elementor-widget-wrap elementor-element-populated\">\n\t\t\t\t\t\t<div class=\"elementor-element elementor-element-57a33b5 elementor-widget elementor-widget-heading\" data-id=\"57a33b5\" data-element_type=\"widget\" data-widget_type=\"heading.default\">\n\t\t\t\t<div class=\"elementor-widget-container\">\n\t\t\t<style>\/*! elementor - v3.19.0 - 07-02-2024 *\/\n.elementor-heading-title{padding:0;margin:0;line-height:1}.elementor-widget-heading .elementor-heading-title[class*=elementor-size-]>a{color:inherit;font-size:inherit;line-height:inherit}.elementor-widget-heading .elementor-heading-title.elementor-size-small{font-size:15px}.elementor-widget-heading .elementor-heading-title.elementor-size-medium{font-size:19px}.elementor-widget-heading .elementor-heading-title.elementor-size-large{font-size:29px}.elementor-widget-heading .elementor-heading-title.elementor-size-xl{font-size:39px}.elementor-widget-heading .elementor-heading-title.elementor-size-xxl{font-size:59px}<\/style><h2 class=\"elementor-heading-title elementor-size-default\">Notre histoire<\/h2>\t\t<\/div>\n\t\t\t\t<\/div>\n\t\t\t\t\t<\/div>\n\t\t<\/div>\n\t\t\t\t\t<\/div>\n\t\t<\/section>\n\t\t\t\t<section class=\"elementor-section elementor-top-section elementor-element elementor-element-dca4dfe elementor-section-boxed elementor-section-height-default elementor-section-height-default\" data-id=\"dca4dfe\" data-element_type=\"section\">\n\t\t\t\t\t\t<div class=\"elementor-container elementor-column-gap-default\">\n\t\t\t\t\t<div class=\"elementor-column elementor-col-100 elementor-top-column elementor-element elementor-element-ad56806\" data-id=\"ad56806\" data-element_type=\"column\">\n\t\t\t<div class=\"elementor-widget-wrap elementor-element-populated\">\n\t\t\t\t\t\t<div class=\"elementor-element elementor-element-410ef83 elementor-widget elementor-widget-text-editor\" data-id=\"410ef83\" data-element_type=\"widget\" data-widget_type=\"text-editor.default\">\n\t\t\t\t<div class=\"elementor-widget-container\">\n\t\t\t<style>\/*! elementor - v3.19.0 - 07-02-2024 *\/\n.elementor-widget-text-editor.elementor-drop-cap-view-stacked .elementor-drop-cap{background-color:#69727d;color:#fff}.elementor-widget-text-editor.elementor-drop-cap-view-framed .elementor-drop-cap{color:#69727d;border:3px solid;background-color:transparent}.elementor-widget-text-editor:not(.elementor-drop-cap-view-default) .elementor-drop-cap{margin-top:8px}.elementor-widget-text-editor:not(.elementor-drop-cap-view-default) .elementor-drop-cap-letter{width:1em;height:1em}.elementor-widget-text-editor .elementor-drop-cap{float:left;text-align:center;line-height:1;font-size:50px}.elementor-widget-text-editor .elementor-drop-cap-letter{display:inline-block}<\/style>\t\t\t\t<p>En 2003, un petit groupe de dirigeants du secteur de la sant\u00e9 s&#039;est r\u00e9uni \u00e0 Bulawayo, au Zimbabwe, en conjonction avec l&#039;Assembl\u00e9e g\u00e9n\u00e9rale de la Conf\u00e9rence Mennonite Mondiale pour discuter de la possibilit\u00e9 de d\u00e9velopper un r\u00e9seau anabaptiste mondial de sant\u00e9. L\u2019accent \u00e9tait mis sur les institutions de sant\u00e9 li\u00e9es aux anabaptistes. Les r\u00e9sultats de cette r\u00e9union n\u2019ont pas eu d\u2019impact \u00e0 long terme en raison du manque d\u2019appropriation institutionnelle.<\/p><p>En juillet 2015, une autre r\u00e9union a \u00e9t\u00e9 organis\u00e9e \u00e0 Harrisburg, en Pennsylvanie, toujours en conjonction avec l&#039;Assembl\u00e9e mondiale de la CMM. Quelques diff\u00e9rences importantes sont apparues entre la r\u00e9union de 2003 et une r\u00e9union de suivi au Paraguay en 2009. Premi\u00e8rement, la r\u00e9union a \u00e9t\u00e9 organis\u00e9e et coordonn\u00e9e par les services de sant\u00e9 mennonites au nom et avec le soutien de la CMM, et a \u00e9t\u00e9 intitul\u00e9e \u00ab Leaders mondiaux de la sant\u00e9 \u00bb. Sommet. C&#039;\u00e9tait sur invitation uniquement, pour inclure des dirigeants sup\u00e9rieurs et des membres de conseils d&#039;administration d&#039;h\u00f4pitaux, de cliniques de sant\u00e9, d&#039;organisations de soins aux personnes \u00e2g\u00e9es, de sant\u00e9 communautaire, de sant\u00e9 mentale et de d\u00e9ficience intellectuelle, et incluait express\u00e9ment des dirigeants de soins de sant\u00e9 de toutes les r\u00e9gions. Le th\u00e8me \u00e9tait \u00ab Plus forts ensemble : cr\u00e9er un r\u00e9seau mondial de leaders anabaptistes en mati\u00e8re de soins de sant\u00e9 \u00bb. Une proposition formelle visant \u00e0 constituer un tel r\u00e9seau a \u00e9t\u00e9 pr\u00e9sent\u00e9e par un comit\u00e9 ad hoc et approuv\u00e9e par la centaine de participants \u00e0 ce sommet. Le r\u00e9sultat du sommet \u00e9tait de former un r\u00e9seau qui inclurait \u00e9galement des professionnels de la sant\u00e9 anabaptistes individuels, et pas seulement des \u00e9tablissements de soins de sant\u00e9. Et il \u00e9tait clairement pr\u00e9vu d\u2019englober la sant\u00e9 dans un contexte tr\u00e8s large, et pas seulement les \u00e9tablissements de soins de sant\u00e9.<\/p><p>De toute \u00e9vidence, les participants \u00e9taient tr\u00e8s int\u00e9ress\u00e9s \u00e0 s\u2019orienter vers de nouveaux types de connexions. Les participants ont partag\u00e9 un profond engagement \u00e0 s\u2019engager dans les minist\u00e8res de la sant\u00e9 d\u2019une mani\u00e8re fa\u00e7onn\u00e9e par une perspective chr\u00e9tienne anabaptiste et par les valeurs et convictions communes de la Conf\u00e9rence mennonite mondiale. Un groupe de coordination repr\u00e9sentant la diversit\u00e9 de la Conf\u00e9rence Mennonite Mondiale a \u00e9t\u00e9 sugg\u00e9r\u00e9 pour apporter l&#039;\u00e9nergie et les id\u00e9es g\u00e9n\u00e9r\u00e9es par le Sommet et faire avancer les efforts au cours des trois prochaines ann\u00e9es, c&#039;est pourquoi le Groupe de travail du R\u00e9seau mondial sur la sant\u00e9 anabaptiste a \u00e9t\u00e9 form\u00e9 en association avec la CMM (en savoir plus). ).<\/p><p>La vision et les d\u00e9clarations de mission du GAHN ont \u00e9t\u00e9 adopt\u00e9es au cours des mois suivants gr\u00e2ce \u00e0 des interactions et des communications avec des repr\u00e9sentants de quatorze pays. L\u2019int\u00e9r\u00eat continue de se d\u00e9velopper autour d\u2019un r\u00e9seau de sant\u00e9 qui apporte une r\u00e9elle valeur et des b\u00e9n\u00e9fices aux membres du r\u00e9seau et aux populations qu\u2019ils servent. Tout cela se fait \u00e0 travers le prisme unique de la perspective et de la contribution anabaptistes sur divers sujets et probl\u00e8mes de sant\u00e9. Une base solide a \u00e9t\u00e9 construite pour le d\u00e9veloppement et la conception du GAHN, avec un potentiel de changements futurs en fonction des besoins et des pr\u00e9f\u00e9rences des membres.<\/p><p>\u00ab Nous c\u00e9l\u00e9brons tous les efforts qui favorisent l\u2019interd\u00e9pendance interculturelle et le partage des dons au sein de notre famille mondiale de foi. Le service est plus facile et plus fort lorsque nous le faisons ensemble.<\/p><p>Secr\u00e9taire g\u00e9n\u00e9ral de la CMM, C\u00e9sar Garc\u00eda Fondements th\u00e9ologiques et bibliques Nous sommes des institutions et des individus appartenant \u00e0 la Famille mondiale de la foi anabaptiste. En tant que tel, notre r\u00eave est d&#039;\u00eatre des institutions et des individus qui incarnent les valeurs et convictions partag\u00e9es de la Conf\u00e9rence Mennonite Mondiale, telles qu&#039;adopt\u00e9es par le Conseil g\u00e9n\u00e9ral de la Conf\u00e9rence Mennonite Mondiale \u00e0 Pasadena, le 15 mars 2006 (Voir plus de d\u00e9tails sur <a href=\"http:\/\/www.mwc-cmm.org\/\" target=\"_new\">www.mwc-cmm.org<\/a>).<\/p><p>Il faut comprendre que ces convictions sont inspir\u00e9es par nos anc\u00eatres anabaptistes du XVIe si\u00e8cle, qui ont model\u00e9 le disciple radical de J\u00e9sus-Christ. Nous cherchons \u00e0 marcher en son nom par la puissance du Saint-Esprit, alors que nous attendons avec confiance le retour du Christ et<\/p>\t\t\t\t\t\t<\/div>\n\t\t\t\t<\/div>\n\t\t\t\t\t<\/div>\n\t\t<\/div>\n\t\t\t\t\t<\/div>\n\t\t<\/section>\n\t\t\t\t<\/div>","protected":false},"excerpt":{"rendered":"<p>Notre histoire En 2003, un petit groupe de leaders du secteur de la sant\u00e9 s&#039;est r\u00e9uni \u00e0 Bulawayo, au Zimbabwe, en conjonction avec l&#039;Assembl\u00e9e g\u00e9n\u00e9rale de la Conf\u00e9rence Mennonite Mondiale pour discuter de la possibilit\u00e9 de d\u00e9velopper un r\u00e9seau anabaptiste mondial de sant\u00e9. L\u2019accent \u00e9tait mis sur les institutions de sant\u00e9 li\u00e9es aux anabaptistes. Les r\u00e9sultats de cette [\u2026]<\/p>","protected":false},"author":2,"featured_media":0,"parent":0,"menu_order":0,"comment_status":"closed","ping_status":"closed","template":"","meta":{"footnotes":""},"class_list":["post-7056","page","type-page","status-publish","hentry"],"_links":{"self":[{"href":"https:\/\/globalanabaptisthealthnetwork.org\/fr\/wp-json\/wp\/v2\/pages\/7056","targetHints":{"allow":["GET"]}}],"collection":[{"href":"https:\/\/globalanabaptisthealthnetwork.org\/fr\/wp-json\/wp\/v2\/pages"}],"about":[{"href":"https:\/\/globalanabaptisthealthnetwork.org\/fr\/wp-json\/wp\/v2\/types\/page"}],"author":[{"embeddable":true,"href":"https:\/\/globalanabaptisthealthnetwork.org\/fr\/wp-json\/wp\/v2\/users\/2"}],"replies":[{"embeddable":true,"href":"https:\/\/globalanabaptisthealthnetwork.org\/fr\/wp-json\/wp\/v2\/comments?post=7056"}],"version-history":[{"count":7,"href":"https:\/\/globalanabaptisthealthnetwork.org\/fr\/wp-json\/wp\/v2\/pages\/7056\/revisions"}],"predecessor-version":[{"id":7063,"href":"https:\/\/globalanabaptisthealthnetwork.org\/fr\/wp-json\/wp\/v2\/pages\/7056\/revisions\/7063"}],"wp:attachment":[{"href":"https:\/\/globalanabaptisthealthnetwork.org\/fr\/wp-json\/wp\/v2\/media?parent=7056"}],"curies":[{"name":"wp","href":"https:\/\/api.w.org\/{rel}","templated":true}]}}

<div data-elementor-type="wp-page" data-elementor-id="7056" class="elementor elementor-7056" data-elementor-post-type="page">
						<section class="elementor-section elementor-top-section elementor-element elementor-element-280b311 elementor-section-boxed elementor-section-height-default elementor-section-height-default" data-id="280b311" data-element_type="section">
						<div class="elementor-container elementor-column-gap-default">
					<div class="elementor-column elementor-col-100 elementor-top-column elementor-element elementor-element-d3645c9" data-id="d3645c9" data-element_type="column" data-settings="{&quot;background_background&quot;:&quot;classic&quot;}">
			<div class="elementor-widget-wrap elementor-element-populated">
						<div class="elementor-element elementor-element-57a33b5 elementor-widget elementor-widget-heading" data-id="57a33b5" data-element_type="widget" data-widget_type="heading.default">
				<div class="elementor-widget-container">
			<style>/*! elementor - v3.19.0 - 07-02-2024 */
.elementor-heading-title{padding:0;margin:0;line-height:1}.elementor-widget-heading .elementor-heading-title[class*=elementor-size-]>a{color:inherit;font-size:inherit;line-height:inherit}.elementor-widget-heading .elementor-heading-title.elementor-size-small{font-size:15px}.elementor-widget-heading .elementor-heading-title.elementor-size-medium{font-size:19px}.elementor-widget-heading .elementor-heading-title.elementor-size-large{font-size:29px}.elementor-widget-heading .elementor-heading-title.elementor-size-xl{font-size:39px}.elementor-widget-heading .elementor-heading-title.elementor-size-xxl{font-size:59px}</style><h2 class="elementor-heading-title elementor-size-default">Notre histoire</h2>		</div>
				</div>
					</div>
		</div>
					</div>
		</section>
				<section class="elementor-section elementor-top-section elementor-element elementor-element-dca4dfe elementor-section-boxed elementor-section-height-default elementor-section-height-default" data-id="dca4dfe" data-element_type="section">
						<div class="elementor-container elementor-column-gap-default">
					<div class="elementor-column elementor-col-100 elementor-top-column elementor-element elementor-element-ad56806" data-id="ad56806" data-element_type="column">
			<div class="elementor-widget-wrap elementor-element-populated">
						<div class="elementor-element elementor-element-410ef83 elementor-widget elementor-widget-text-editor" data-id="410ef83" data-element_type="widget" data-widget_type="text-editor.default">
				<div class="elementor-widget-container">
			<style>/*! elementor - v3.19.0 - 07-02-2024 */
.elementor-widget-text-editor.elementor-drop-cap-view-stacked .elementor-drop-cap{background-color:#69727d;color:#fff}.elementor-widget-text-editor.elementor-drop-cap-view-framed .elementor-drop-cap{color:#69727d;border:3px solid;background-color:transparent}.elementor-widget-text-editor:not(.elementor-drop-cap-view-default) .elementor-drop-cap{margin-top:8px}.elementor-widget-text-editor:not(.elementor-drop-cap-view-default) .elementor-drop-cap-letter{width:1em;height:1em}.elementor-widget-text-editor .elementor-drop-cap{float:left;text-align:center;line-height:1;font-size:50px}.elementor-widget-text-editor .elementor-drop-cap-letter{display:inline-block}</style>				<p>En 2003, un petit groupe de dirigeants du secteur de la santé s&#039;est réuni à Bulawayo, au Zimbabwe, en conjonction avec l&#039;Assemblée générale de la Conférence Mennonite Mondiale pour discuter de la possibilité de développer un réseau anabaptiste mondial de santé. L’accent était mis sur les institutions de santé liées aux anabaptistes. Les résultats de cette réunion n’ont pas eu d’impact à long terme en raison du manque d’appropriation institutionnelle.</p><p>En juillet 2015, une autre réunion a été organisée à Harrisburg, en Pennsylvanie, toujours en conjonction avec l&#039;Assemblée mondiale de la CMM. Quelques différences importantes sont apparues entre la réunion de 2003 et une réunion de suivi au Paraguay en 2009. Premièrement, la réunion a été organisée et coordonnée par les services de santé mennonites au nom et avec le soutien de la CMM, et a été intitulée « Leaders mondiaux de la santé ». Sommet. C&#039;était sur invitation uniquement, pour inclure des dirigeants supérieurs et des membres de conseils d&#039;administration d&#039;hôpitaux, de cliniques de santé, d&#039;organisations de soins aux personnes âgées, de santé communautaire, de santé mentale et de déficience intellectuelle, et incluait expressément des dirigeants de soins de santé de toutes les régions. Le thème était « Plus forts ensemble : créer un réseau mondial de leaders anabaptistes en matière de soins de santé ». Une proposition formelle visant à constituer un tel réseau a été présentée par un comité ad hoc et approuvée par la centaine de participants à ce sommet. Le résultat du sommet était de former un réseau qui inclurait également des professionnels de la santé anabaptistes individuels, et pas seulement des établissements de soins de santé. Et il était clairement prévu d’englober la santé dans un contexte très large, et pas seulement les établissements de soins de santé.</p><p>De toute évidence, les participants étaient très intéressés à s’orienter vers de nouveaux types de connexions. Les participants ont partagé un profond engagement à s’engager dans les ministères de la santé d’une manière façonnée par une perspective chrétienne anabaptiste et par les valeurs et convictions communes de la Conférence mennonite mondiale. Un groupe de coordination représentant la diversité de la Conférence Mennonite Mondiale a été suggéré pour apporter l&#039;énergie et les idées générées par le Sommet et faire avancer les efforts au cours des trois prochaines années, c&#039;est pourquoi le Groupe de travail du Réseau mondial sur la santé anabaptiste a été formé en association avec la CMM (en savoir plus). ).</p><p>La vision et les déclarations de mission du GAHN ont été adoptées au cours des mois suivants grâce à des interactions et des communications avec des représentants de quatorze pays. L’intérêt continue de se développer autour d’un réseau de santé qui apporte une réelle valeur et des bénéfices aux membres du réseau et aux populations qu’ils servent. Tout cela se fait à travers le prisme unique de la perspective et de la contribution anabaptistes sur divers sujets et problèmes de santé. Une base solide a été construite pour le développement et la conception du GAHN, avec un potentiel de changements futurs en fonction des besoins et des préférences des membres.</p><p>« Nous célébrons tous les efforts qui favorisent l’interdépendance interculturelle et le partage des dons au sein de notre famille mondiale de foi. Le service est plus facile et plus fort lorsque nous le faisons ensemble.</p><p>Secrétaire général de la CMM, César García Fondements théologiques et bibliques Nous sommes des institutions et des individus appartenant à la Famille mondiale de la foi anabaptiste. En tant que tel, notre rêve est d&#039;être des institutions et des individus qui incarnent les valeurs et convictions partagées de la Conférence Mennonite Mondiale, telles qu&#039;adoptées par le Conseil général de la Conférence Mennonite Mondiale à Pasadena, le 15 mars 2006 (Voir plus de détails sur <a href="http://www.mwc-cmm.org/" target="_new">www.mwc-cmm.org</a>).</p><p>Il faut comprendre que ces convictions sont inspirées par nos ancêtres anabaptistes du XVIe siècle, qui ont modelé le disciple radical de Jésus-Christ. Nous cherchons à marcher en son nom par la puissance du Saint-Esprit, alors que nous attendons avec confiance le retour du Christ et</p>						</div>
				</div>
					</div>
		</div>
					</div>
		</section>
				</div>

<p>Notre histoire En 2003, un petit groupe de leaders du secteur de la santé s&#039;est réuni à Bulawayo, au Zimbabwe, en conjonction avec l&#039;Assemblée générale de la Conférence Mennonite Mondiale pour discuter de la possibilité de développer un réseau anabaptiste mondial de santé. L’accent était mis sur les institutions de santé liées aux anabaptistes. Les résultats de cette […]</p>
